) = -4*h - 423. Calculate b(38).
-575
Let u(d) = -193*d**2 + 24*d + 21. Calculate u(-1).
-196
Let j(g) = -15*g**3 - 7*g**2 + 140*g - 528. Give j(4).
-1040
Let o(s) = s**3 - 38*s**2 + 73*s + 46. What is o(36)?
82
Let k(h) = 18*h**3 + 102*h - 293. Give k(3).
499
Let t(k) = 13844*k - 45. Calculate t(0).
-45
Let n(a) = -2*a**2 + 251*a - 7745. Determine n(68).
75
Let f(o) = -1505*o - 5. Calculate f(0).
-5
Let t(l) = -l**2 + 167*l - 7126. Calculate t(67).
-426
Let n(h) = 2803*h - 142523. Give n(51).
430
Let w(m) = 5722648*m - 17167935. Calculate w(3).
9
Let o(l) = 1113*l - 7309. Give o(7).
482
Let k(a) = -a**2 - 1857*a + 11172. What is k(6)?
-6
Let t(a) = -27*a**2 - 759*a + 767. What is t(1)?
-19
Let u(v) = -4*v**2 + 323*v - 192. Determine u(81).
-273
Let d(o) = 6555*o + 46168. Determine d(-7).
283
Let a(x) = 7*x**3 - x**2 + 9*x + 1806. What is a(0)?
1806
Let b(g) = 2*g**3 + 76*g**2 + 114*g + 4483. What is b(-38)?
151
Let n(o) = 142*o**2 - 4091*o - 786. Determine n(29).
-3
Let z(w) = -2305*w - 35280. Determine z(-16).
1600
Let b(a) = -a**3 + 55*a**2 - 21807*a + 1174681. What is b(54)?
19
Let r(i) = 307*i**2 - 279*i - 34. Calculate r(1).
-6
Let t(o) = 1724*o - 849930. What is t(493)?
2
Let f(g) = -g**2 + 134*g + 47779. What is f(-162)?
-173
Let x(p) = -5*p**3 - 7*p**2 + 319*p + 1013. Determine x(-6).
-73
Let k(h) = 3888*h - 213604. Determine k(55).
236
Let c(f) = -483*f - 97498. Calculate c(-203).
551
Let v(m) = 2490*m + 12537. Calculate v(-5).
87
Let q(z) = z**3 + 428*z**2 - 10782*z - 33. Calculate q(24).
1551
Let t(a) = -4*a**2 + 3911*a + 19641. Give t(-5).
-14
Let g(u) = -27*u**3 + 325*u**2 - 2*u - 28. What is g(12)?
92
Let z(a) = 4150*a - 33354. Calculate z(8).
-154
Let l(g) = -340*g**2 + 3720*g + 216. Give l(11).
-4
Let r(y) = -9*y**3 + 880*y**2 + 265*y - 6877. Determine r(98).
-115
Let n(w) = 16*w**3 - 7*w**2 - 82*w - 145. Determine n(-4).
-953
Let u(n) = n**3 + 36*n**2 + 41*n + 1584. Give u(-36).
108
Let l(z) = -z**3 + 32*z**2 - 354*z + 16062. Determine l(35).
-3
Let i(k) = -2*k**3 - 4*k**2 - 120*k + 886. What is i(5)?
-64
Let o(b) = b**3 + 14*b**2 + 308*b + 3970. Calculate o(-13).
135
Let r(h) = -2*h**3 + 75*h**2 + 166*h - 7606. Determine r(37).
-95
Let r(s) = 3*s**2 - 2133*s - 246099. Calculate r(812).
-63
Let l(h) = -24829*h + 24820. What is l(1)?
-9
Let x(p) = p**3 + 20*p**2 - 52*p - 1889. What is x(-15)?
16
Let o(m) = -22859*m - 434459. Give o(-19).
-138
Let l(j) = -37*j**3 + 2733*j**2 + 377*j - 43. Calculate l(74).
475
Let z(h) = -h**3 - 235*h**2 + 1225*h + 6016. What is z(-240)?
16
Let h(g) = 18*g**3 + 181*g**2 - 7*g - 56. Give h(-10).
114
Let x(n) = n**2 + 230*n - 853521. What is x(816)?
15
Let c(n) = -5810*n**2 + 110*n - 14. What is c(-1)?
-5934
Let a(r) = 164881*r - 494568. Give a(3).
75
Let f(n) = -2*n**2 + 1616*n - 243205. What is f(200)?
-5
Let r(c) = 7*c**3 - 5321*c**2 + 819*c - 44887. Calculate r(760).
-47
Let i(v) = -v**3 + 159*v**2 + 601*v + 8310. Determine i(163).
-3
Let s(t) = -4*t**2 + 109*t + 8678. Determine s(-35).
-37
Let d(i) = -7670965*i - 46025811. Give d(-6).
-21
Let x(g) = g**3 + 21*g**2 - 426*g - 8700. Determine x(-21).
246
Let r(m) = -4304328*m - 12912979. Give r(-3).
5
Let a(f) = -6*f**2 - 26528*f + 319196. Give a(12).
-4
Let z(o) = 313*o - 309. Calculate z(2).
317
Let h(r) = -23*r**3 + 6*r**2 - 9*r - 56. Calculate h(0).
-56
Let v(w) = -w**3 - 370*w**2 + 548*w + 65672. Give v(-371).
5
Let i(x) = -27299*x + 77. Determine i(0).
77
Let h(k) = -3167*k**2 + 23*k - 16. Calculate h(1).
-3160
Let w(a) = -a**3 - 162*a**2 + 495*a - 86211. Determine w(-168).
-27
Let l(m) = -m**2 + 70155*m + 491077. Give l(-7).
-57
Let h(n) = -226397*n + 1584765. Give h(7).
-14
Let o(c) = -5*c**3 + 10*c**2 + 1692*c - 1693. Calculate o(1).
4
Let c(r) = -14*r**2 - 3154*r - 3155. Calculate c(-1).
-15
Let f(o) = o**3 - 273*o**2 + 12154*o - 433. What is f(217)?
1
Let v(t) = -26218*t + 1179803. Give v(45).
-7
Let d(s) = 5*s**2 + 472*s - 2964. What is d(6)?
48
Let a(p) = -17*p**2 - 9946*p - 59593. Give a(-579).
44
Let q(n) = 8479*n + 52347. Calculate q(-6).
1473
Let d(y) = 2475*y - 7537. Determine d(3).
-112
Let p(n) = -2*n**2 - 91*n + 356. Calculate p(-47).
215
Let o(p) = 2*p**2 - 23128*p - 92521. Determine o(-4).
23
Let u(a) = 2*a**3 + 454*a**2 - 562*a - 127526. Determine u(-227).
48
Let h(x) = -47*x**2 - 3225*x + 1212. Calculate h(-69).
-30
Let m(i) = 3518*i**2 + 14083*i + 37. Calculate m(-4).
-7
Let z(a) = 269*a + 16278. Calculate z(-61).
-131
Let c(n) = -31200*n - 9609589. Calculate c(-308).
11
Let z(j) = 14*j**2 + 2645*j + 27238. Determine z(-178).
4
Let m(f) = 167123*f + 835593. Determine m(-5).
-22
Let n(q) = -16*q**3 + 149*q**2 + 17. What is n(5)?
1742
Let k(d) = 5*d**2 + 48818*d + 97640. What is k(-2)?
24
Let g(r) = -369*r + 3199. Calculate g(10).
-491
Let p(b) = -b**3 - 7*b**2 + 18305*b + 128147. What is p(-7)?
12
Let v(g) = 10*g**3 - 8*g**2 + g + 25. Give v(-3).
-320
Let g(x) = x**2 - 12100*x - 254528. What is g(-21)?
13
Let f(x) = 10928*x - 1857752. Calculate f(170).
8
Let f(u) = 359*u**2 + 1495*u + 128. What is f(-4)?
-108
Let o(a) = -5416*a**3 - 162479*a**2 + 23*a - 206. Give o(-30).
4
Let g(o) = -13*o**2 + 43*o - 28. Calculate g(10).
-898
Let y(f) = -2*f**2 + 336139*f - 2016802. Determine y(6).
-40
Let g(m) = 3*m**3 - 17*m**2 - 77*m - 234. Give g(-3).
-237
Let z(w) = 2*w**3 - 83*w**2 + 12*w + 1950. Give z(40).
-2370
Let k(d) = -32794*d + 2492295. Give k(76).
-49
Let k(m) = -m**2 + 315*m + 20730. Calculate k(-61).
-2206
Let a(b) = -70*b + 6715. Calculate a(95).
65
Let t(p) = -6*p**3 - 3330*p**2 + 11*p + 6448. What is t(-555)?
343
Let b(y) = 12*y**2 + 520*y - 12023. Determine b(22).
5225
Let q(a) = 2*a**3 + 205*a**2 - 1191*a + 357. Calculate q(-108).
681
Let l(b) = 2*b**3 - 26*b**2 - 56*b + 27. What is l(15)?
87
Let d(m) = -m**3 - 246*m**2 + 263*m + 3962. Determine d(-247).
10
Let f(s) = -2*s**3 - 9*s**2 - 2597*s - 12983. Give f(-5).
27
Let d(k) = -682*k + 1194. Calculate d(2).
-170
Let v(l) = -l**2 - 10388*l - 17760349. What is v(-2158)?
-9
Let q(f) = 231*f - 13674. Give q(60).
186
Let j(y) = 49*y**2 - 22951*y - 153895. Determine j(475).
5
Let i(l) = -33*l**2 - 4859*l + 216. What is i(-148)?
-3484
Let q(x) = -x**3 - 27*x**2 - 5951*x - 167418. Give q(-28).
-6
Let t(h) = 14*h**3 + 1713*h**2 - 1107*h + 4. What is t(-123)?
4
Let a(d) = -d**3 + 135*d**2 + 6578*d + 86. Determine a(-38).
-66
Let k(m) = 2*m**3 - 798*m**2 - 4008*m - 12830. What is k(404)?
98
Let m(u) = -4558*u + 31910. What is m(7)?
4
Let l(x) = 28*x**3 - 338*x**2 + 213*x - 2254. Determine l(12).
14
Let d(q) = 3*q**2 - 7981*q + 23915. Give d(3).
-1
Let p(x) = 2*x**2 + 8974*x - 53900. Calculate p(6).
16
Let d(r) = 8*r**2 + 24*r + 8. Determine d(-4).
40
Let k(q) = -1550*q**3 + 2*q**2 + 6*q + 1. Determine k(-1).
1547
Let s(a) = -25613*a + 512428. Give s(20).
168
Let r(q) = -q**2 + 223*q - 12144. Determine r(92).
-92
Let o(g) = 1563*g**2 + 70360*g + 1126. What is o(-45)?
1
Let v(c) = 66*c**2 - 1577. Give v(0).
-1577
Let i(v) = -v**2 - 445*v + 344246. What is i(405)?
-4
Let q(t) = t**3 - 23*t**2 - 476*t - 1505. Determine q(-10).
-45
Let n(w) = w**3 + 2*w**2 + 1948*w - 9817. Give n(5).
98
Let m(x) = -3671*x**2 + 36697*x + 127. Determine m(10).
-3
Let b(o) = -o**3 - 26*o**2 - 5078*o - 162202. Calculate b(-31).
21
Let y(p) = 4*p**2 + 54*p - 2764. Calculate y(-34).
24
Let k(z) = -2*z**2 + 4408*z + 111468. Calculate k(-25).
18
Let n(v) = 3*v**2 - 71*v - 2805. What is n(50)?
1145
Let s(t) = -955683*t - 2867000. Determine s(-3).
49
Let q(x) = 68*x**2 + 645*x - 1142. Calculate q(-11).
-9
Let m(f) = -1277*f + 415. Give m(1).
-862
Let v(h) = -13*h**2 - 852*h - 14041. Determine v(-32).
-89
Let i(x) = 4*x**3 - 84*x**2 + 281*x + 299. Determine i(14).
-1255
Let u(z) = 1385*z**2 - 2712*z + 2. What is u(2)?
118
Let h(j) = j**3 + 13*j**2 + 1149*j + 20680. What is h(-17)?
-9
Let x(a) = -5*a**3 - 3*a**2 + 124*a - 40. Calculate x(5).
-120
Let y(t) = 111*t**3 - 4*t**2 - 5*t + 8. What is y(2)?
870
Let n(l) = -227*l + 3811. Determine n(17).
-48
Let i(l) = l**2 - 342*l + 9811. Determine i(32).
-109
Let n(m) = -3*m**2 - 158436*m - 950527. What is n(-6)?
-19
Let d(j) = -1232*j - 8649. What is d(-7)?
-25
Let z(b) = -b**2 + 490*b - 59444. Determine z(221).
5
Let c(m) = -282*m - 102053. Calculate c(-362)